 is divided by 51?
7
Suppose a + 2620 + 447 = 3*f, 2*f - 11*a = 1962. Calculate the remainder when 1036 is divided by f.
11
Let n = -196 + 395. Calculate the remainder when n is divided by 63/42 + 141/6.
24
Let a be (((-20)/(-3))/2)/(4/(-6)). Let x be (a - -5)*(6/3 - 1). Let r(y) = -y**2 + 2*y + 3. Calculate the remainder when r(x) is divided by 1.
0
Suppose -7*h + 11*h + 9*h = 11232. Calculate the remainder when h is divided by 279.
27
Let t(f) = -44*f + 53. Let h be t(-18). Let d = 851 - h. Calculate the remainder when 40 is divided by d.
4
Suppose 0 = -58*z + 59*z - 9. Calculate the remainder when 57 is divided by (12/z)/((-9)/(-81)).
9
Suppose 0 = -13*j + 6*j + 84. Suppose 3*g - 99 + j = 0. What is the remainder when g is divided by (16/(-6))/((-5)/30)?
13
Let w(v) = -12*v - 2. Let d be w(0). Calculate the remainder when (-30)/(-2)*(2 - -7) is divided by (5/d)/(170/(-3128)).
43
Suppose 4*c = -259*t + 258*t + 434, -3*t - 210 = -2*c. Calculate the remainder when 642 is divided by c.
102
Suppose 4*z + 626 = 2*w, -2*w + 5*w - 948 = -3*z. Let x = w + -307. What is the remainder when 36 is divided by x?
4
Let o be 0/(-6 - (4 - 6)). Suppose o = n + 1 - 20. What is the remainder when 50 is divided by n?
12
Let k(q) = 2*q**3 - 154*q**2 + 172*q - 2. Calculate the remainder when k(76) is divided by 10.
8
Let k(x) = 6 + 12 - 4*x + 9 - x. Calculate the remainder when 34 is divided by k(3).
10
Let a = -17817 - -17968. What is the remainder when 1799 is divided by a?
138
Let q(z) = -130*z - 252. Let j be (-130)/15 - 6/(-9). Let t = 2 - j. Calculate the remainder when t is divided by q(-2).
2
What is the remainder when ((-2750)/650 - -4) + (15372/13)/2 is divided by 187?
30
Let r = -469 - -467. Let s(p) = -3*p**3 - p**2 - 2*p. Calculate the remainder when 452 is divided by s(r).
20
Suppose 14*d = -10*d + 6072. Suppose -16*i = -3*l - 18*i + 188, 4*l = -5*i + d. Suppose 16 = 2*u - 16. Calculate the remainder when l is divided by u.
14
Suppose 57 = 12*q - 27. Suppose 0 = g - 4*n + 1, 0*g = 4*g - 5*n - q. Suppose g*d - 30 = -h, -h + 5*d = -0*h - 22. What is the remainder when h is divided by 6?
3
Suppose 0 = d + 352 - 524. Calculate the remainder when 1888 is divided by d.
168
Let r be (-1 - 0 - 1)/(3/(-6)). Let k = r - -7. Let x(h) = h**3 - 2*h**2 + 4*h - 5. Calculate the remainder when x(4) is divided by k.
10
Let s be -49 + 12 + -9 + 8/8. Let j = -54 + 114. Let o = s + j. Calculate the remainder when 57 is divided by o.
12
Suppose -1444 - 932 = -54*g. Calculate the remainder when g is divided by ((-28)/6)/(2/(-6)).
2
Suppose 0 = -184*m - 382*m + 962766. Calculate the remainder when m is divided by 74.
73
Suppose 12*z = 9*z + 2*n + 23, 5*z = 5*n + 45. Suppose -3*o + 721 = 4*x, -3*o - 435 = -z*x + 446. What is the remainder when x is divided by 37?
30
Suppose 5*a - 680 = -4*t, -362 = -3*t + t + 3*a. Calculate the remainder when t is divided by (3810/1016)/((-108)/96 + 8/6).
13
Let w = 5186 + -5151. Calculate the remainder when 67 is divided by w.
32
Suppose 2*w + 2*v = -0*w + 702, -2*v - 360 = -w. Calculate the remainder when 367 is divided by w.
13
Let i = -18537 + 18795. What is the remainder when i is divided by 211?
47
Let w = 2534 - 2529. Calculate the remainder when 1213 is divided by w.
3
Let j = -25936 + 30468. What is the remainder when j is divided by 566?
4
Let s = -128 - -179. Suppose 4*f + 5*h = 50, -8*f - 3*h - s = -11*f. What is the remainder when 118 is divided by f?
13
Let i be 10/(-65) - (-402)/78. Let f(w) = -4*w**3 + 21*w**2 + 7*w - 22. What is the remainder when f(i) is divided by 5?
3
Suppose -7*r = -32*r + 625. Suppose -5*p = -3*f + 149, f - 63 = -0*f - p. Calculate the remainder when f is divided by r.
8
Suppose 15*x - 14841 = -5*x - 2481. Calculate the remainder when x is divided by 8.
2
Let n(a) = 60*a + 7455. What is the remainder when n(-121) is divided by 189?
6
Suppose 2071 = 75*j - 56*j. Let c = -1437 - -1458. Calculate the remainder when j is divided by c.
4
Let h = -427 - -447. Calculate the remainder when ((-68)/(-8) + (6 - 6))*h is divided by 53.
11
Suppose -22*k + 28*k + 48 = 0. Let z(t) = -t**3 - 7*t**2 + 4*t - 8. What is the remainder when 237 is divided by z(k)?
21
Suppose -2*f + 0*f = 5*n - 111, 5*f - 5*n = 190. Suppose -12*i + 2*i = -750. What is the remainder when i is divided by f?
32
Let o be 1/(-5) - ((-192)/(-30))/(-2). Suppose o*y - 5*a - 62 = -a, y - 14 = -2*a. Let m = 17 - 7. Calculate the remainder when y is divided by m.
8
Let h(b) = -b**3 - 9*b**2 - 14*b + 12. Let u be h(-10). Suppose -29*a = -11*a - u. Calculate the remainder when 26 is divided by a.
12
What is the remainder when 324 is divided by ((-1)/(-1) + 0/1)*(-157586)/(-4147)?
20
Let i(k) = 52*k + 1. Suppose -2349 = -5*r + 951. Let q = 678 - r. What is the remainder when i(2) is divided by q?
15
Let o = 206055 + -205938. Calculate the remainder when 349/1*2/1 is divided by o.
113
Let c = -5801 - -6180. What is the remainder when c is divided by 70?
29
Let l = 13 - 2. Let w(z) = 8*z**2 + 4*z + 7. Let q be (-3 - (-3 - 2)) + (-8 - -4). Calculate the remainder when w(q) is divided by l.
9
Let s = 97 - 87. Let d(n) = 8*n**2 + 11*n**3 + 11*n**2 - 12*n**3 - s + 22*n. What is the remainder when d(20) is divided by 16?
14
Let r(b) = -2*b - 6*b - 4*b - 6*b - 137. What is the remainder when r(-12) is divided by 17?
11
Suppose 19*k - 417 = -132. Let f(y) = -194*y - 3. Calculate the remainder when f(-1) is divided by k.
11
Let q(k) = 4*k**2 - 8*k + 3. Suppose 5*b - 23 - 22 = 4*z, -25 = 5*z. Calculate the remainder when q(b) is divided by 33.
30
Suppose -3*r + 233 - 89 = 0. Suppose -4*i + r = 2*p - 112, 0 = p + i - 75. What is the remainder when p is divided by 15?
10
Let q(v) = 25*v**2 - 21*v - 45. What is the remainder when q(-2) is divided by 36?
25
Suppose 4*t - 2*p = 2*p + 44, 5*t - 3*p = 47. Suppose -154 = -t*l + 336. Suppose -12 = -5*f + 48. Calculate the remainder when l is divided by f.
10
Suppose 20710 = 200*f - 19*f + 9*f. Calculate the remainder when 634 is divided by f.
89
Let l = 13849 + -13835. Calculate the remainder when (94 - 1)/(2/2) is divided by l.
9
Let x = 1269 + -982. What is the remainder when x is divided by 38?
21
Let d be 3 + (12 - 4)*-13. Let x = d - -100. Calculate the remainder when 111 is divided by (x/(3/87))/(-1).
24
Suppose 29*t + 29008 = 28861 + 102575. Calculate the remainder when t is divided by 114.
112
Let y be (-9)/(-6) + (-45)/6. Let l(i) = i**2 + 5*i + 9. Let v be l(-9). Let a = y + v. What is the remainder when a is divided by 15?
9
Let t(z) be the second derivative of -z**4/12 + 10*z**3/3 - 33*z**2/2 - 53*z. What is the remainder when 314 is divided by t(12)?
62
Suppose -21*y - 2*y = 184. What is the remainder when 57 is divided by (25 - 1) + 14 + y?
27
Let f(i) = -28*i**2 - 3*i + 31. Calculate the remainder when 306 is divided by f(0).
27
Let m(o) = o**2 + 5. Let i be m(-10). Let h(g) = g**3 + 3*g + 53. Calculate the remainder when h(0) is divided by i/(-10)*8/(-6).
11
Suppose -6*x = -10*x + 44. Suppose 0 = -x*n + 23*n - 192. Let s = 20 + 25. Calculate the remainder when s is divided by n.
13
Let c = -13185 + 15881. Calculate the remainder when c is divided by 18.
14
Let t(v) = 3*v + 37. Let q(r) = 4*r + 37. Let d(a) = -4*q(a) + 5*t(a). Let g = -447 + 447. What is the remainder when 108 is divided by d(g)?
34
Let p(k) = 5*k**2 + 4*k - 4. Let g be p(1). Suppose -425 - 370 = -5*q - g*h, 483 = 3*q + h. Calculate the remainder when q is divided by 11.
8
Let a = 169 - 115. Let l be (126/(-36))/(2/(-8)). Let v(o) = -o**3 + 14*o**2 - o + 25. Calculate the remainder when a is divided by v(l).
10
Suppose 4*t - 11*t - 4*t = 0. What is the remainder when (-10)/(-2) - (t + -5)*3 is divided by 6?
2
Let a be -537 + 6 + -7 + 3. Let m = a + 584. What is the remainder when m is divided by 8?
1
Suppose 2*j - 477 = 121. Let x = j + -464. Calculate the remainder when 23 is divided by (-2)/(4 + x/40).
7
Suppose -82 = -n + 2*q + 16, 4*q = -20. Let f = 36 + 1. Calculate the remainder when n is divided by f.
14
Let c(g) = 79*g + 2545. Calculate the remainder when 485 is divided by c(-32).
9
Let a = -54 - -29. Suppose -2*j + 38 = -3*j. Let g = a - j. Calculate the remainder when 49 is divided by g.
10
Let u = -391 + 398. Suppose -u*g = 1